6.
2b
What is -17 (base 13) in base 4?
-110
What is 73 (base 15) in base 13?
84
What is 22 (base 7) in base 2?
10000
Convert 12 (base 11) to base 12.
11
Convert 1010 (base 2) to base 13.
a
30 (base 13) to base 8
47
Convert -1210 (base 5) to base 14.
-cc
3c (base 15) to base 13
45
What is -72 (base 16) in base 4?
-1302
What is 1010101 (base 2) in base 8?
125
11 (base 2) to base 15
3
What is -10 (base 10) in base 8?
-12
Convert -2 (base 4) to base 3.
-2
-130 (base 5) to base 15
-2a
Convert -271 (base 11) to base 15.
-165
Convert 11 (base 2) to base 4.
3
-12 (base 4) to base 5
-11
2 (base 8) to base 5
2
2 (base 12) to base 2
10
Convert -28 (base 9) to base 8.
-32
a (base 13) to base 8
12
What is -67 (base 8) in base 12?
-47
Convert -1 (base 8) to base 6.
-1
1 (base 10) to base 8
1
Convert -21 (base 6) to base 15.
-d
311 (base 5) to base 15
56
-22 (base 4) to base 10
-10
Convert 0 (base 12) to base 13.
0
What is 133 (base 4) in base 3?
1011
What is 3 (base 10) in base 5?
3
-5 (base 7) to base 9
-5
Convert 11110 (base 2) to base 7.
42
What is 13 (base 8) in base 11?
10
Convert -1 (base 5) to base 6.
-1
What is 3 (base 9) in base 13?
3
What is 36 (base 16) in base 11?
4a
315 (base 9) to base 4
10001
What is 521 (base 6) in base 7?
364
Convert 62 (base 16) to base 7.
200
a7 (base 16) to base 13
cb
Convert 113 (base 10) to base 6.
305
111 (base 2) to base 14
7
11 (base 8) to base 4
21
48 (base 10) to base 7
66
-16 (base 10) to base 2
-10000
21 (base 14) to base 12
25
Convert -100 (base 2) to base 7.
-4
Convert 5 (base 15) to base 8.
5
6 (base 8) to base 10
6
Convert -4 (base 8) to base 4.
-10
41 (base 8) to base 5
113
-4 (base 14) to base 3
-11
Convert -213 (base 5) to base 11.
-53
134 (base 8) to base 9
112
Convert -6 (base 12) to base 8.
-6
-26 (base 8) to base 3
-211
0 (base 5) to base 6
0
2 (base 8) to base 13
2
Convert -34 (base 9) to base 11.
-29
Convert 3 (base 6) to base 2.
11
82 (base 12) to base 16
62
a (base 14) to base 3
101
-1100010 (base 2) to base 8
-142
What is -1 (base 15) in base 5?
-1
-102 (base 3) to base 5
-21
a5 (base 11) to base 13
8b
Convert 1 (base 7) to base 9.
1
What is -521 (base 6) in base 12?
-141
What is 101 (base 3) in base 10?
10
Convert 1a (base 16) to base 6.
42
What is 1 (base 7) in base 10?
1
What is -345 (base 6) in base 8?
-211
What is -22 (base 8) in base 13?
-15
Convert 141 (base 8) to base 13.
76
Convert 1130 (base 4) to base 5.
332
173 (base 9) to base 2
10010011
What is 15 (base 12) in base 5?
32
What is 1221 (base 3) in base 14?
3a
9 (base 13) to base 3
100
What is 5 (base 13) in base 15?
5
What is -200 (base 4) in base 13?
-26
What is 36 (base 16) in base 11?
4a
What is -2200 (base 3) in base 9?
-80
What is -1 (base 13) in base 8?
-1
What is -334 (base 5) in base 12?
-7a
-3 (base 13) to base 3
-10
Convert -11 (base 2) to base 14.
-3
Convert -9 (base 15) to base 11.
-9
What is 9c (base 16) in base 10?
156
What is -9 (base 12) in base 15?
-9
What is 1010000 (base 2) in base 10?
80
14 (base 7) to base 10
11
Convert 31 (base 6) to base 12.
17
2 (base 5) to base 12
2
Convert -3 (base 14) to base 11.
-3
5 (base 12) to base 2
101
Convert -5 (base 14) to base 12.
-5
Convert 60 (base 7) to base 13.
33
What is 123 (base 6) in base 16?
33
What is 3 (base 7) in base 2?
11
Convert -5 (base 11) to base 10.
-5
Convert -302 (base 7) to base 5.
-1044
What is -143 (base 11) in base 8?
-250
What is 15 (base 6) in base 15?
b
3 (base 9) to base 7
3
What is -2 (base 13) in base 6?
-2
-4 (base 12) to base 15
-4
Convert 1001 (base 2) to base 11.
9
What is -20 (base 5) in base 15?
-a
What is 256 (base 8) in base 9?
213
-313 (base 7) to base 12
-111
Convert -4 (base 8) to base 7.
-4
What is -3 (base 15) in base 6?
-3
What is -5 (base 9) in base 3?
-12
What is -1 (base 8) in base 11?
-1
What is -31 (base 8) in base 9?
-27
Convert -100211 (base 3) to base 7.
-526
2 (base 10) to base 12
2
What is -3 (base 16) in base 5?
-3
What is -201 (base 5) in base 9?
-56
What is -110 (base 5) in base 9?
-33
Convert 1110 (base 2) to base 4.
32
What is 11 (base 2) in base 7?
3
Convert -13 (base 10) to base 9.
-14
1 (base 11) to base 16
1
What is 85 (base 12) in base 6?
245
Convert 1 (base 5) to base 2.
1
7 (base 8) to base 13
7
95 (base 15) to base 7
260
What is 0 (base 4) in base 8?
0
Convert 71 (base 16) to base 5.
423
-22 (base 8) to base 7
-24
What is 1101010 (base 2) in base 5?
411
-12 (base 3) to base 4
-11
Convert 4 (base 14) to base 9.
4
Convert 43 (base 9) to base 15.
29
Convert 33 (base 7) to base 4.
120
0 (base 9) to base 11
0
What is -113 (base 11) in base 15?
-90
What is 33 (base 12) in base 9?
43
Convert 1111 (base 2) to base 8.
17
8a (base 13) to base 7
222
What is -2 (base 11) in base 2?
-10
What is -4 (base 11) in base 6?
-4
What is 2 (base 14) in base 13?
2
Convert -3 (base 13) to base 15.
-3
Convert -2 (base 9) to base 6.
-2
31 (base 4) to base 11
12
1000 (base 4) to base 13
4c
1001 (base 2) to base 5
14
What is -3 (base 12) in base 2?
-11
What is 5 (base 8) in base 11?
5
Convert -29 (base 10) to base 2.
-11101
-9d (base 16) to base 14
-b3
Convert 110011 (base 2) to base 4.
303
-405 (base 6) to base 13
-b6
What is 0 (base 13) in base 5?
0
100101 (base 3) to base 8
375
-118 (base 15) to base 12
-188
20 (base 3) to base 16
6
Convert 3 (base 9) to base 12.
3
10111011 (base 2) to base 8
273
What is -150 (base 14) in base 7?
-530
Convert b (base 15) to base 14.
b
Convert 10 (base 13) to base 6.
21
What is 103 (base 4) in base 12?
17
What is b4 (base 12) in base 16?
88
Convert 1 (base 16) to base 4.
1
What is -32 (base 5) in base 16?
-11
-600 (base 7) to base 4
-10212
What is -3 (base 15) in base 14?
-3
What is -111 (base 10) in base 3?
-11010
What is -1000 (base 2) in base 14?
-8
23 (base 6) to base 16
f
What is 23 (base 6) in base 8?
17
What is 11 (base 2) in base 14?
3
What is 1 (base 13) in base 16?
1
What is -302 (base 4) in base 11?
-46
Convert -165 (base 9) to base 6.
-352
1 (base 8) to base 3
1
-8 (base 16) to base 12
-8
Convert -20 (base 11) to base 5.
-42
Convert -20 (base 3) to base 11.
-6
Convert -4 (base 10) to base 2.
-100
-6 (base 16) to base 5
-11
What is 39 (base 12) in base 16?
2d
Convert -2 (base 4) to base 16.
-2
What is 15 (base 16) in base 12?
19
-4 (base 14) to base 4
-10
Convert -111 (base 2) to base 4.
-13
What is -b1 (base 13) in base 10?
-144
1 (base 8) to base 7
1
Convert 12 (base 4) to base 8.
6
Convert 28 (base 10) to base 16.
1c
Convert -5 (base 15) to base 12.
-5
22 (base 15) to base 7
44
Convert -222 (base 4) to base 6.
-110
-6 (base 15) to base 8
-6
What is 224 (base 5) in base 7?
121
What is -43 (base 11) in base 12?
-3b
Convert 220 (base 3) to base 5.
44
What is -16c (base 13) in base 8?
-403
Convert -3e (base 15) to base 11.
-54
Convert 172 (base 15) to base 2.
101001100
-111 (base 7) to base 12
-49
-24 (base 8) to base 4
-110
Convert 137 (base 11) to base 15.
ab
-9 (base 12) to base 15
-9
What is 3 (base 10) in base 5?
3
2 (base 7) to base 12
2
Convert 2 (base 16) to base 3.
2
Convert 379 (base 10) to base 5.
3004
Convert -2 (base 14) to base 12.
-2
Convert 22 (base 3) to base 7.
11
What is 12 (base 4) in base 12?
6
Convert 14 (base 6) to base 5.
20
Convert 76 (base 12) to base 13.
6c
0 (base 6) to base 13
0
What is -130 (base 5) in base 10?
-40
What is 7 (base 12) in base 14?
7
4 (base 11) to base 12
4
Convert 100100110 (base 2) to base 4.
10212
What is -132 (base 5) in base 15?
-2c
-5 (base 8) to base 2
-101
-12 (base 8) to base 15
-a
Convert -a6 (base 11) to base 13.
-8c
10 (base 4) to base 3
11
Convert 4 (base 5) to base 10.
4
What is -125 (base 6) in base 2?
-110101
27 (base 15) to base 9
41
Convert -1 (base 11) to base 6.
-1
What is -6 (base 12) in base 11?
-6
3 (base 15) to base 16
3
What is -106 (base 8) in base 11?
-64
What is 1 (base 4) in base 9?
1
Convert -1 (base 16) to base 15.
-1
Convert -74 (base 11) to base 13.
-63
-6 (base 9) to base 10
-6
What is -333 (base 7) in base 3?
-20100
-22 (base 3) to base 2
-1000
What is 22 (base 13) in base 11?
26
Convert -325 (base 7) to base 3.
-20011
13 (base 10) to base 6
21
-10001110 (base 2) to base 16
-8e
Convert 2010 (base 4) to base 9.
156
-100000100 (base 2) to base 10
-260
What is -101 (base 2) in base 7?
-5
Convert 2 (base 10) to base 